ndreds digit of o?
0
Suppose -34 = 2*u - 4*u. Let s(l) = -l + 20. Let i be s(u). Suppose i*g = 4*g - 19. What is the units digit of g?
9
Let v(x) = 18*x - 80 - 84 - x**2 + 0*x**2 - 84 + 244. Suppose 9 - 21 = -2*o. What is the units digit of v(o)?
8
Suppose -76189 - 152763 = -57*p - 40054. What is the hundreds digit of p?
3
Let w = 66202 + -40179. What is the units digit of w?
3
Let s(b) = -1359*b + 2580. What is the hundreds digit of s(-9)?
8
Suppose 6868*j - 6879*j - 102934 = -325321. What is the units digit of j?
7
Suppose 240001 = 76*o - 139011. What is the tens digit of o?
8
Let f be (21/(-147))/((-3)/63). Suppose 0 = 3*z - z + 3*o - 945, 0 = -z - f*o + 480. What is the hundreds digit of z?
4
Let x(m) = m**2 + 15*m - 8. Let l be x(-11). Let u = l + 73. Suppose u*h - 17*h = 300. What is the tens digit of h?
7
Let x(p) = 27*p**3 + 4*p**2 + 2. Let i(o) = -29*o**3 - 3*o**2 - 1. Let n(k) = -4*i(k) - 3*x(k). What is the units digit of n(1)?
3
Let g(c) = 40*c - 488. What is the thousands digit of g(58)?
1
Suppose 0 = 9959*i - 9969*i + 265400. What is the units digit of i?
0
Let j = -52209 - -80480. What is the thousands digit of j?
8
Let r(a) = 7*a - 3*a + 22 + 9*a**2 + 7*a - 4*a. What is the units digit of r(5)?
2
Let x(a) = 41724*a + 335. What is the tens digit of x(1)?
5
Suppose 35*l = -139153 + 500108. What is the hundreds digit of l?
3
Suppose -1105056 = 64*i - 147*i - 133*i. What is the hundreds digit of i?
1
Let s(j) = -7*j**3 + 238*j**2 + 25*j - 29. What is the tens digit of s(31)?
2
Suppose -6*q = -12*q. Suppose q = -2*y + y + 12. What is the tens digit of 4/y + (-268)/(-6)?
4
Suppose 2*b + 49 = q - 179, 3*q - 681 = 5*b. Let m be 2/6 - q/(-9). Suppose -m - 195 = -5*w. What is the tens digit of w?
4
Let g(s) = s**2 - 22*s - 61. Let v be g(19). What is the units digit of (-1 - -17)*v/12*-3?
2
What is the hundreds digit of 332/498 + 16868/6?
8
Suppose 2*h = -4*b + 1420, -2*h - b = 4*b - 1417. Let a = 1322 - h. What is the tens digit of a?
0
Suppose l = 3*l + 128. Let u = 94 + l. What is the tens digit of u?
3
Let q = 1298 + 4454. What is the units digit of q?
2
Let i = 10317 + 7996. What is the ten thousands digit of i?
1
Let r = -1890 - -1204. Let n = r - -1071. What is the tens digit of n?
8
Let w = 150 + -156. Let b(m) be the second derivative of m**4/6 - 7*m**3/6 - m**2 + 5*m. What is the hundreds digit of b(w)?
1
Suppose 67*a = 18*a + 235004. Suppose -s + m + 177 = -1022, 4*s = 5*m + a. What is the hundreds digit of s?
1
Let j = -1055 + 4090. What is the tens digit of j?
3
Let c be (-4)/2 + (9 - -3). Let y(x) = 9*x - 8. Let m be y(c). What is the tens digit of (m/(-6))/(10/(-30))?
4
Let a be (-4)/12 - 11375/(-15). Let b = a + -485. What is the units digit of b?
3
Let p be (-1)/2*-2 - -1. Let x be p/(-3) + (-1)/(-6)*4. Suppose -4*g - g + 555 = x. What is the hundreds digit of g?
1
Suppose -129*u + 97*u - 131*u + 14643431 = 0. What is the units digit of u?
7
Let v(d) = -63*d**3 - d**2 - 9*d - 18. Let s(b) = b + 2. Let x(p) = 6*s(p) + v(p). What is the units digit of x(-2)?
0
Suppose 2*i - 16944 = 3*p, -2*p + 33936 = -3*i + 7*i. What is the thousands digit of i?
8
Suppose 0 = -324*m + 138*m + 9360787 - 2701243. What is the ten thousands digit of m?
3
Let o(j) = -j**2 + 2*j + 4. Let p be o(3). Let a(x) = -x**2 - x. Let n(y) = -113*y**2 - 2*y - 3. Let z(k) = 4*a(k) - n(k). What is the units digit of z(p)?
0
Let c = -1743 + 3830. Suppose 0 = 2*u - 4*b - 1036, 3*b = -0*u + 4*u - c. What is the tens digit of u?
2
Let q(x) = -430*x + 66. Let w be q(10). Let z = 6030 + w. What is the thousands digit of z?
1
Let b(a) = 3*a + 35934 - 7*a - 35919. What is the tens digit of b(-14)?
7
Suppose 398 + 54 = -4*d. Let u(n) = -24*n + 519. Let o be u(10). Let h = o + d. What is the units digit of h?
6
Let q = -12137 + 20651. What is the thousands digit of q?
8
Suppose s = 4 + 3. Suppose 0 = 4*v - o, -v - 3*o = -s*o. Suppose v = -2*m + 4*n + 5 + 13, -2*m - 4*n - 14 = 0. What is the units digit of m?
1
What is the units digit of 269299/(-394)*(-1 + -1)?
7
Suppose 0 = -15265*x + 15277*x - 303780. What is the thousands digit of x?
5
Let w = -5438 + 5448. Let b(r) be the first derivative of -r**4/4 + 10*r**3/3 + 7*r**2/2 + 1. What is the tens digit of b(w)?
7
Let m(l) = l**2 - 3*l + 5. Suppose 4*o - 3 = 5. Suppose -8 + 39 = u - 5*c, o*u - 22 = 2*c. What is the units digit of m(u)?
3
Let o = -277 + 280. Suppose -o*s - 2 = 1, -4*n + 2554 = -2*s. What is the hundreds digit of n?
6
Let p = -182 - -195. Suppose 0 = p*a - 3088 - 214. What is the tens digit of a?
5
Suppose -1 = -n - 11. Let h be (n/(-4) - 3)*-10. Suppose 0*t - 359 = -h*z - t, -233 = -3*z - 5*t. What is the units digit of z?
1
Let b = 117 - 114. Suppose w + 30 = 11*w. Suppose 420 = w*a - b*m, 3*a = -0*a - 2*m + 410. What is the tens digit of a?
3
Let m be 3/5 + -1 + 22/5. Let i be ((-15)/(-10))/(3/m). What is the tens digit of i + ((-140)/12)/(2/(-6))?
3
Let l(s) = s**3 - 41*s**2 + 70*s - 115. What is the thousands digit of l(46)?
3
Suppose -5*l - 27 = 18. Let q be (6/l)/(5/(-15)). Suppose 2*a + 212 = 3*s - 44, 3*s + q*a - 248 = 0. What is the units digit of s?
4
Let s be -5 + 228/44 + (-8138)/(-11). Let u = s + -186. What is the tens digit of u?
5
Let b = 8 + 34. Suppose 543 + 57 = 5*j. Let i = j - b. What is the units digit of i?
8
Let y(q) = -138*q + 8. Let p be y(3). What is the tens digit of (20/5 + p)*-1?
0
Let b = 6224 - -3732. What is the hundreds digit of b?
9
Let l(f) = 3*f + 72. Let y be l(-23). Suppose -5*w + c + 220 = 0, 2*w - 75 - 26 = y*c. What is the tens digit of w?
4
Suppose -10*j + 4272 = -4*j. Let a = 478 - j. What is the tens digit of a/(-5 + 3) - 0?
1
Let v(d) = -5*d - 2109*d**3 + 4*d + 2110*d**3 + 7*d**2 - 5. What is the units digit of v(-5)?
0
Let n(j) = -2*j**3 - 4*j**2 + 6*j - 3. Let i be n(4). Let x = 496 + -489. Let r = x - i. What is the tens digit of r?
7
Let h = -2475 - -6922. What is the hundreds digit of h?
4
Suppose 0 = 5*n + 2891 - 14296. Suppose n + 231 = 4*c. What is the tens digit of c?
2
Let k(c) = 2*c**2 + 2*c. Let b be k(-1). Suppose -123*g + 120*g + 1836 = b. What is the hundreds digit of g?
6
Suppose 5*h - 112 = x, 2*h - 7*x + 6*x = 43. Suppose -2*v = 3 + h. Let s(n) = -2*n**2 - 29*n - 3. What is the units digit of s(v)?
6
Let l(n) = 2*n**2 + 12*n - 54. Let i = -298 + 305. What is the hundreds digit of l(i)?
1
Suppose -j - 5*o = -13 + 4, 4*o = 4. Suppose 0 = -j*w + 1069 + 395. What is the hundreds digit of w?
3
Suppose 0 = -n - 36 + 36. Let d(x) = x**2 + 47. What is the units digit of d(n)?
7
Let n be (5 - -1)*2082/(-12). Let b = n - -480. What is the hundreds digit of 11 + -8 + 2 + b/(-3)?
1
Let r = 25716 + -8534. What is the units digit of r?
2
Suppose 0 = 1315*l - 1313*l + 930. Let f = l - -1036. What is the hundreds digit of f?
5
Suppose 17*w + 20 = -3*w. Let a(r) = 493*r**2 - 3*r - 1. What is the hundreds digit of a(w)?
4
Suppose 47*b = 3*s + 51*b - 69065, 0 = -4*s + 4*b + 92124. What is the units digit of s?
7
Suppose 0 = 33*d - 91*d + 317376. What is the thousands digit of d?
5
Let b be (80/6)/(50/(-20775)). What is the units digit of (-1)/2 - (0 - b/(-8))?
2
Let f(d) = 3*d**2 + 72*d + 518. What is the tens digit of f(-51)?
4
What is the thousands digit of 46528/((-72)/(-9)) - -2?
5
Suppose -176*l + 170*l + 277374 = 0. What is the tens digit of l?
2
Let k(r) be the first derivative of r**5/10 - 5*r**4/6 + 2*r**3 + 3*r**2/2 + 7*r + 5. Let f(z) be the first derivative of k(z). What is the tens digit of f(5)?
6
Let m(n) = 75*n + 29. Suppose -65 + 4 = -5*d - 2*i, -3*d + 4*i + 21 = 0. What is the units digit of m(d)?
4
Let x = -879 + 869. What is the hundreds digit of (-1 - 12110/(-20)) + x/(-4)?
6
What is the tens digit of ((-25)/20*2)/(2/(-3600))?
0
Let b be (-65)/(-4) + 15/(-60). Suppose 3*j - 12 = -4*n, 4*j + 0*n - b = -n. Suppose -299 = -j*v + 3*w, -2*w = 4 - 2. What is the units digit of v?
4
Let c(z) = -813*z + 53. Let v be c(-6). Suppose -10*b = -v - 4059. What is the tens digit of b?
9
Let y(h) = h**2 + 3*h + 5. Let t be y(-2). Suppose t*o = -4*o + 14. Suppose -o*v = -12 - 32. What is the units digit of v?
2
Let k = -4164 - -8894. What is the hundreds digit of k?
7
Suppose -702 = 16*s - 7*s. What is the hundreds digit of s*(-7)/(-28)*-6?
1
Suppo